se 4.
30030213011
179a45 (base 12) to base 15
81bbe
-9a1 (base 16) to base 8
-4641
Convert -2b130 (base 13) to base 9.
-133712
What is -8b259 (base 13) in base 12?
-10254b
145850 (base 10) to base 13
51503
523661 (base 8) to base 15
36851
What is 952a6 (base 12) in base 3?
100221102100
What is -20000221220022 (base 3) in base 4?
-30033011213
What is -1a9c85 (base 14) in base 16?
-e7b9d
What is 75c01 (base 16) in base 15?
97d8a
-314403424 (base 6) to base 4
-111013320220
-183a7 (base 15) to base 9
-128554
-11000010101000101111011 (base 2) to base 6
-344411031
What is -17240062 (base 9) in base 11?
-4976a62
What is 3a4b2 (base 12) in base 4?
103211012
Convert 1d705ad (base 14) to base 10.
14791293
100010001011101011111001 (base 2) to base 7
136110445
-135b7a (base 16) to base 6
-43105054
Convert -8412a9 (base 14) to base 2.
-10001000000110000010101
Convert -1313113312 (base 4) to base 3.
-220211201021
Convert -201103332331 (base 4) to base 15.
-b7768a
What is 50425430 (base 6) in base 3?
2200212221000
What is -100915 (base 11) in base 4?
-213211230
-101110111110011 (base 2) to base 9
-35883
Convert -aedc9 (base 15) to base 10.
-556614
What is 15045400 (base 6) in base 8?
1766710
-147ac (base 13) to base 4
-21130102
Convert -12592 (base 13) to base 11.
-23536
100100011101001001011 (base 2) to base 14
2314a7
What is -132b647 (base 13) in base 10?
-6023050
What is -46475 (base 10) in base 13?
-18200
What is -13101201131 (base 4) in base 5?
-442004111
What is -2078217 (base 9) in base 5?
-241133234
What is 17144 (base 10) in base 13?
7a5a
Convert 164626604 (base 7) to base 12.
394257b
Convert 54c76 (base 13) to base 3.
21210212021
2522253 (base 6) to base 14
3745b
Convert b57641 (base 14) to base 16.
5d83c9
34234461 (base 7) to base 11
1758732
-224579 (base 11) to base 7
-3015660
What is 5a5037 (base 11) in base 4?
3221332120
-5783465 (base 9) to base 5
-1300004411
2285377 (base 9) to base 2
100101110000110110010
What is -122020112212111 (base 3) in base 14?
-1307631
-1a28150 (base 13) to base 8
-40671417
b98a4 (base 16) to base 15
10029c
643477 (base 9) to base 2
1011101100010001111
Convert -20033311 (base 4) to base 11.
-23420
What is 11272247 (base 8) in base 9?
4551178
Convert -311041 (base 12) to base 16.
-bbbf1
Convert 110101110000010111110 (base 2) to base 3.
10022111021122
-400947 (base 16) to base 11
-2407033
-104b37 (base 13) to base 14
-9d2ca
166660356 (base 7) to base 10
11527389
782622 (base 13) to base 3
12022221010000
321b7 (base 12) to base 14
1a067
337804 (base 10) to base 8
1223614
132322132121 (base 4) to base 11
4635591
What is -104462712 (base 8) in base 6?
-1441234134
303346 (base 7) to base 6
1035011
What is 1279a2 (base 15) in base 16?
d869b
What is 16b488d (base 14) in base 15?
eb1100
-158aaa0 (base 11) to base 4
-22111101132
1d39 (base 16) to base 8
16471
-5534560 (base 9) to base 2
-1011010110011100010100
-438d1 (base 15) to base 11
-137280
What is -5e777 (base 16) in base 2?
-1011110011101110111
5620552 (base 7) to base 4
2221132123
-132725 (base 16) to base 15
-19bda5
Convert -1001005420 (base 6) to base 10.
-10125588
-4aa2b0 (base 12) to base 10
-1220388
What is 2246378 (base 11) in base 6?
220140422
What is 6564414 (base 7) in base 13?
222a95
27383 (base 16) to base 10
160643
What is -1014101311 (base 5) in base 15?
-2b6556
-1647227 (base 9) to base 5
-213323034
What is -3503509 (base 13) in base 16?
-f96511
What is 716c0b (base 13) in base 3?
11222021021201
441002 (base 7) to base 12
387b5
What is 21102200121 (base 3) in base 5?
14140202
What is b3b8 (base 12) in base 4?
10301330
129c722 (base 13) to base 15
7a97ce
What is 2c0c7 (base 16) in base 13?
64179
Convert -620885 (base 10) to base 11.
-394531
43132512 (base 6) to base 4
10312202330
-1853232 (base 9) to base 11
-64a6a0
-3482b (base 13) to base 8
-273164
What is -1324342 (base 7) in base 14?
-477c9
-1e6e0 (base 16) to base 14
-335cc
What is 557136 (base 11) in base 14?
191841
Convert -aa7b6 (base 14) to base 13.
-116075
Convert 1723307 (base 10) to base 12.
6b134b
What is -2313710 (base 10) in base 13?
-630179
Convert -106616 (base 13) to base 5.
-44314013
-44040344 (base 7) to base 12
-132041b
10111000001001110 (base 2) to base 11
64925
Convert 92771 (base 10) to base 15.
1c74b
-2022000012210 (base 3) to base 12
-4aa386
What is -80a (base 16) in base 8?
-4012
27498 (base 11) to base 8
114426
What is -10210100211 (base 3) in base 10?
-74623
-97562c (base 13) to base 5
-1402203401
What is -111010011001011111101 (base 2) in base 14?
-37b537
Convert -228149 (base 14) to base 6.
-41102221
What is 163616 (base 15) in base 8?
4062675
What is -10211011220 (base 3) in base 6?
-1340123
What is 302002033 (base 4) in base 11?
12aa82
What is 1122303021 (base 4) in base 7?
3106203
What is -3454730 (base 9) in base 7?
-21603444
-10112020011212 (base 3) to base 5
-434440030
What is 51a47a (base 11) in base 2?
11001011100011110001
Convert -1565466 (base 7) to base 14.
-5966d
What is -132112022 (base 4) in base 2?
-11110010110001010
Convert -7582a (base 14) to base 9.
-472810
What is 110001111110101011 (base 2) in base 4?
301332223
-134c8 (base 15) to base 8
-170616
Convert 507432 (base 9) to base 12.
126025
Convert 4144122142 (base 5) to base 10.
8582797
-149398 (base 10) to base 8
-443626
Convert -15b696 (base 15) to base 3.
-1222101212020
What is d5e2c (base 15) in base 11?
423599
3796e9 (base 15) to base 13
7239c3
What is 1788d (base 14) in base 15?
12897
What is 2411c (base 14) in base 3?
11110202101
-4965a8 (base 14) to base 12
-a13288
17cb75 (base 16) to base 4
11330231311
Convert -5362316 (base 7) to base 11.
-407331
Convert -45471220 (base 8) to base 3.
-200112221000010
-198a513 (base 13) to base 5
-4123413030
What is -3130211223 (base 4) in base 6?
-31211003
What is -1211264 (base 8) in base 7?
-2553203
Convert 2425134 (base 8) to base 2.
10100010101001011100
Convert 2637143 (base 12) to base 6.
425332523
What is 121212122011 (base 3) in base 6?
11041434
-1623804 (base 9) to base 12
-375994
730156 (base 13) to base 16
28f82e
-8bda6 (base 15) to base 9
-747633
What is -1002957 (base 13) in base 9?
-10075313
Convert -400431112 (base 5) to base 13.
-432a72
-2332231301 (base 4) to base 11
-4939a4
84a71d (base 16) to base 10
8693533
-165637 (base 9) to base 5
-11240310
What is 1031020002 (base 4) in base 12?
132996
-317048 (base 9) to base 12
-9135b
What is -1b19c (base 14) in base 15?
-15659
7472515 (base 11) to base 7
216531551
What is -111000000000011111101111 (base 2) in base 11?
-831896a
-1016a0 (base 14) to base 2
-10000100010010111100
1375 (base 14) to base 2
110101101011
What is -207140 (base 8) in base 6?
-1252240
What is -91c96c (base 14) in base 3?
-100020122012221
-100110001101001010011 (base 2) to base 7
-13432631
-8019a (base 13) to base 10
-228784
Convert -53011022 (base 7) to base 3.
-22102021101022
Convert -100045 (base 10) to base 7.
-564451
Convert -32204113 (base 6) to base 14.
-1aa0b3
72855 (base 10) to base 13
27213
Convert -31311232 (base 5) to base 15.
-52162
Convert -1350420 (base 7) to base 6.
-3510353
Convert 2122323 (base 6) to base 5.
11313420
What is -2eb53 (base 16) in base 11?
-120813
Convert 1021010110000 (base 3) to base 7.
5465256
10289a4 (base 11) to base 7
21256552
What is -16026155 (base 7) in base 10?
-1536386
What is -2087b (base 14) in base 7?
-444614
What is -112302011 (base 4) in base 2?
-10110110010000101
Convert -3631458 (base 9) to base 13.
-53c53a
What is -100111000111100100010 (base 2) in base 13?
-35b5a0
Convert fde4d (base 16) to base 8.
3757115
Convert 131330132 (base 4) to base 9.
206222
11010020202021 (base 3) to base 2
1000010110100110100110
Convert 1936233 (base 10) to base 6.
105300013
39a21 (base 12) to base 2
10011010101111001
-2148680 (base 10) to base 4
-20030211020
-150660b (base 13) to base 7
-110633120
10230123132 (base 4) to base 2
100101100011011011110
What is 4213a (base 13) in base 8?
350110
What is 1873912 (base 11) in base 4?
30011110333
Convert -100112211202 (base 3) to base 9.
-315752
946966 (base 13) to base 11
1a60623
Convert 3211343242 (base 5) to base 3.
110200202201200
Convert 6354533 (base 7) to base 13.
20c5ca
Convert -1601555 (base 7) to base 15.
-44dce
What is 43432111 (base 5) in base 8?
